9 - -1)*r/8*2. Let z be 8/12*(-30)/(-4). What is the highest common factor of z and c?
5
Let o = -173 - -180. Calculate the highest common factor of 3 and o.
1
Let w = 174 - 165. What is the highest common divisor of w and 72?
9
Let y = -40 - -67. Let s(i) = i - 11. Let t be s(18). Suppose 5*u - 5*x = 30, 0 = 3*u - t*u - 2*x + 42. What is the greatest common factor of y and u?
9
Let h be 12/(1 - (8 + -9)). Calculate the highest common divisor of h and 30.
6
Let q = 227 - 215. Calculate the highest common factor of 324 and q.
12
Suppose -1 + 3 = m. Suppose 12 = f - 3*g - 66, 4*f = -m*g + 284. Let v = 289 - 271. What is the highest common divisor of f and v?
18
Suppose 122*o = 106*o + 9152. What is the greatest common divisor of o and 104?
52
Let f = 402 + -122. What is the greatest common factor of 35 and f?
35
Suppose -4*v + 116 = -3*n - 0*n, 0 = 2*v - n - 58. Suppose -33*t + 380 = -v*t. Calculate the greatest common factor of 38 and t.
19
Let t be ((-321)/4)/((-9)/24). Let o = -124 + t. Suppose 0 = 3*h - 0*h - o. What is the greatest common factor of 20 and h?
10
Let s = 572 - 344. Calculate the highest common factor of s and 72.
12
Let t be 5/(-10*2/(-32)). What is the greatest common factor of t and 256?
8
Suppose 4*l - 8*l - 24 = 0. Let y be (-1253)/l - (-10)/60. Calculate the greatest common divisor of 19 and y.
19
Suppose -2*b + 9 = -5*b. Let w be 7/(1/(-15)*b). Suppose 0 = -4*g + 2*g + 10. Calculate the highest common divisor of g and w.
5
Let o be 2*(1836/56 - 2/7). Calculate the highest common divisor of 195 and o.
65
Suppose -k - p = -37, 0 = -4*k - 4*p + 9*p + 166. Let g(v) = 2 + 2 + 3*v**2 + 0 + 7*v + 2. Let y be g(-4). What is the greatest common factor of y and k?
13
Suppose 0 = -a + 2*h + 28, -4*a + 3*h + 29 = -3*a. Let b = 332 - 215. Calculate the greatest common divisor of b and a.
13
Let i be (-4085)/(-105) - 6/(-63). What is the greatest common factor of 624 and i?
39
Let q(w) = -2*w**3 - 23*w**2 + 2*w + 18. Let i be q(-12). Suppose i = 159*r - 156*r. Calculate the greatest common factor of r and 69.
23
Suppose -k - 170 = -2*k. Let w(v) = 30*v - 1346. Let m be w(46). What is the greatest common factor of m and k?
34
Suppose -3*w + 240 = 3*s - w, -2*w = s - 80. What is the greatest common factor of 30 and s?
10
Let l be 2 - -14 - (-5 + 5). Suppose 4*s - l = -0*s. Suppose q - 80 = -s*q. Calculate the greatest common divisor of q and 16.
16
Let f(w) be the first derivative of 8*w**3 - w + 5. Let x = 5 - 3. Let z be f(x). Calculate the greatest common factor of z and 19.
19
Let f = -1830 + 2798. Suppose -4*k = -0*k - f. Suppose 86 + 24 = 5*n. Calculate the highest common factor of n and k.
22
Suppose -3*a + 31 = -26. Suppose 2*f - 61 = a. Calculate the highest common factor of f and 320.
40
Suppose 0 = -6*l + 2*l + 16. Suppose l*i = -61 + 193. Suppose 3*j + 12 - i = 0. Calculate the greatest common factor of 1 and j.
1
Let p(v) = 2*v**2 + 7*v - 10. Let j be p(-5). Let d = j - -19. What is the highest common divisor of d and 16?
8
Let c(v) = 84*v**2 + 1. Let s = 8 + -9. Let y be c(s). Suppose 2*w - q = 33, 5*w - 63 - 23 = -q. Calculate the highest common factor of y and w.
17
Suppose -f + 198 = 3*q, 319*q = 314*q + 4*f + 330. What is the highest common divisor of q and 242?
22
Let x be 424/10 + 0 + 184/(-460). Calculate the highest common factor of x and 420.
42
Let g(c) = -c**2 + 13*c + 32. Let d be -2*2/(4/(-15)). Let m be g(d). Let f = -45 - -67. What is the highest common divisor of f and m?
2
Let w be ((-706)/4 + 1)/((-177)/236). Calculate the highest common factor of 26 and w.
26
Let g be (-675)/54*(-20)/(0 - -1). What is the greatest common divisor of g and 130?
10
Suppose -5*p = -144 - 201. Suppose 4*s = 4*f - 132, 2*f + f = -3*s + p. What is the highest common factor of f and 4?
4
Suppose -19 = c + 21. Let s be (c/50)/((-1)/5). What is the greatest common factor of s and 44?
4
Let b be 1 + -1 - 7 - -2. Let c = -1 - b. Let f be (-13)/(-2) - 2/c. What is the greatest common divisor of 54 and f?
6
Let m(s) = -s**3 - 10*s**2 + 10*s + 16. Let u be m(-11). Let g = 35 - u. What is the greatest common divisor of g and 56?
8
Suppose -280 = -6*q + 16*q. Let j(c) = -c**3 + 4*c**2 - c + 1. Let s be j(5). Let i = q - s. Calculate the greatest common factor of 1 and i.
1
Let r(g) = -3*g - 5. Let j be r(-4). Suppose -j*o = -4*o - 3. Let q be o/(-3) - 330/(-18). What is the highest common factor of 6 and q?
6
Suppose -24 - 12 = -3*v. Calculate the highest common divisor of v and 516.
12
Let h be 28/(-3)*(0 - 3). Let k be (-2 - (-9)/3)/((-9)/(-2268)). What is the highest common factor of h and k?
28
Suppose -2*t = v - 41 - 46, 2*v = 4*t + 182. Let o = v + -57. Let m = -126 - -206. Calculate the highest common factor of m and o.
16
Suppose 4*t - 48 = -4*w + 136, -2*w = t - 90. Let p = -3 + 6. Suppose -1 = p*k - 13. What is the highest common factor of k and w?
4
Suppose -18*w + 1081 - 361 = 0. Calculate the greatest common factor of w and 200.
40
Let y be (472/295)/(2/270). What is the highest common divisor of 16 and y?
8
Suppose 2*b - 2*j = 6, 0 = -b + 3*b + 4*j + 12. Suppose -5*u + 2*f = -280, -2*f = -b*f. What is the greatest common divisor of u and 7?
7
Suppose 0 = a + q - 82, 3*q - 251 = -4*a + 80. Calculate the greatest common factor of 2 and a.
1
Let z(x) = x + 1. Let v = 8 - 15. Let a be z(v). Let c be (-386)/(-4) - a/4. What is the greatest common factor of 14 and c?
14
Let y be 123*(616/24)/7. What is the greatest common divisor of 82 and y?
41
Let m = 8 + 2. Let q be 30/50 + 114/m. Let l(z) = 2*z**3 - 2*z**2 - 4*z. Let p be l(3). Calculate the highest common divisor of q and p.
12
Let t(q) = -14*q - 102. Let o be t(-8). Suppose y - 5*c = 6*y - 10, -2*y - 3*c + 1 = 0. What is the highest common factor of y and o?
5
Let n be -8*(-4)/(-8) + 9. Suppose n*h + 3*k = -8, 0 = -5*h + 4*k - 0*k - 36. Let w be h/(-12) + 41/3. Calculate the greatest common factor of 56 and w.
14
Let j be (-14)/70 + 186/5. What is the highest common factor of j and 1073?
37
Let s be 16 - 14/2*(14 - 13). Let w(r) = r**2 - 4*r - 5. Let u be w(-4). Calculate the highest common divisor of u and s.
9
Suppose 3*h + 2*h - 2*g - 102 = 0, h - 5*g - 2 = 0. Suppose 2*y = -5*r + 82, 4*r + 3*y - h = 45. Calculate the greatest common factor of r and 176.
16
Let w(g) = -118*g**3 + 5*g**2 + 6*g - 1. Let v be w(-1). What is the greatest common factor of 87 and v?
29
Let w(l) = l**2 - 13*l + 9. Let a be w(16). What is the greatest common factor of 95 and a?
19
Suppose 5*z - 3*b + 68 = -823, -364 = 2*z - 5*b. Let g = z + 332. Let a be (8/(-12))/((-2)/93). Calculate the greatest common divisor of a and g.
31
Let j(y) = y**2 - 4*y - 3. Let b be j(5). Let n = -31 - -76. Let f be (-15)/n*(-18)/2. What is the greatest common divisor of b and f?
1
Let c be ((-4)/4 - 1)*-32*1. Suppose 5*w - 3*k - 92 = 0, -3*k = 2*w - 0*k - 20. What is the highest common factor of c and w?
16
Let v = 11 + 73. Let j be v*((-3)/(-2) - 1). Let l = 15 - 8. What is the highest common divisor of l and j?
7
Suppose 0 = -2*w + 5*q + 2 + 1, -q = -3*w + 11. Suppose i = w*i - 6, -i + 30 = 2*g. Let t be 28/(-3)*-3*1. What is the greatest common divisor of g and t?
14
Suppose -c + 4*u + 29 = -6*c, -3*c - 10 = -5*u. Let t = c - -10. Let l(x) = x**2 + 4*x + 14. Let k be l(-7). Calculate the greatest common factor of t and k.
5
Suppose 2*d + 0*f - 14 = 2*f, -5*d + 4*f + 33 = 0. Suppose 15 = d*m - 0*m. What is the highest common divisor of 27 and m?
3
Let r(l) = 15*l**2 + 18*l - 61. Let v be r(7). Calculate the highest common factor of v and 20.
20
Let a(x) = -x**3 + 12*x**2 - 10*x - 7. Let u be a(11). Let j = 19 - u. What is the greatest common divisor of j and 135?
15
Suppose -n - 98 = -2*v, -53 = -4*v + 5*n + 137. Let l = -16 + 17. Let y be l + 2/(-4)*-18. Calculate the greatest common divisor of y and v.
10
Let j(b) = -b**2 + b + 10. Let k be j(7). Let t = k - -34. Suppose 2*g - 7 = -7*q + t*q, -3*q - 5*g = 11. Calculate the greatest common divisor of q and 12.
3
Let n be (-6)/(-2) + 376/(-8). Let d = n - -58. What is the highest common divisor of d and 224?
14
Suppose -6*x + o - 1021 = -9*x, 3*x = 2*o + 1036. Calculate the greatest common divisor of 18 and x.
18
Let s = 291 - 284. Calculate the greatest co